posite number?
True
Let w(g) = 19*g. Let m = 0 + 1. Is w(m) composite?
False
Suppose 7 = 3*g + 1. Suppose g*z - 158 = 4*m, -3*m = -4*z + m + 316. Is (-3)/((-12)/z)*4 a prime number?
True
Suppose -4*h + 0*h = 576. Let r be (-4)/(-12) - (-46)/(-3). Is h/r + (-4)/(-10) a composite number?
True
Suppose 0 + 20 = 5*x. Suppose 131 = -q + 3*d, x*q + 2*d + 464 = -d. Let c = -68 - q. Is c prime?
False
Let z = -19 + 23. Is (-298*z/(-8))/1 composite?
False
Suppose -3*n = -6*n + 4*p + 103, -2*n + 5*p + 78 = 0. Let x = n - 7. Is x a prime number?
False
Suppose -j = -133 - 1266. Is j prime?
True
Let d(y) = -y**2 + 3*y. Let h be d(3). Suppose 4*u - 98 - 34 = h. Is u prime?
False
Let m(z) = 150*z**2 - z. Let w be m(1). Suppose -4*y + 3*y + w = 0. Is y prime?
True
Suppose 5 = 2*u - 47. Suppose -3*j + 91 + u = 0. Is j prime?
False
Let d(y) = -2*y + 4. Let r = 59 - 35. Suppose 1 = -5*m - r. Is d(m) a composite number?
True
Suppose -4*h - 5 = 4*w - 3*w, 2*w + 3*h + 5 = 0. Let o be (1*2*w)/2. Is (-74)/(-2)*(o + 2) composite?
False
Let c be 596 + 3 - (1 + 2). Suppose c = 6*v - 2*v. Is v a prime number?
True
Let u(w) = 11*w**2 + 2*w - w**2 + 3 - w**2. Let l = 4 + -6. Is u(l) prime?
False
Let f = -6 + 3. Let q be 1/f - (-1490)/15. Suppose 2*t + q = 3*a, 0*t - 65 = -2*a + t. Is a composite?
False
Let g be ((-29)/(-2))/(3/6). Let k = 96 - g. Is k composite?
False
Let o(n) = n + 5. Let u be o(-4). Suppose -p = -3*y + 3 - 8, -2*p + 3*y = -u. Is (p + 2)*97/(-2) a composite number?
False
Suppose -632 = -2*k - 2*k. Is k a prime number?
False
Suppose r - 2*r - 87 = 5*h, -3*h - 348 = 4*r. Let l = r - -124. Is l composite?
False
Let b(d) = 64*d**2 + 1. Let n be 13 - 17 - 6/(-2). Is b(n) a composite number?
True
Suppose -105 = -5*p + 170. Is p a composite number?
True
Let a = 84 + -154. Let q = -37 - a. Is q a composite number?
True
Suppose 2*x + 4*o = 426, 2*o = 2*x - o - 398. Is x a prime number?
False
Suppose 56 - 11 = a - 3*l, a + 3*l = 33. Suppose -f + 4*f - a = 0. Is f composite?
False
Suppose 0 = x - 6*x + 15. Suppose x*l = s - 35, s - 4*s - 5*l = -119. Is s prime?
False
Is ((-3)/(-3))/((-7)/(-539)) a prime number?
False
Let y be 10*(0/(-3) + -1). Let o be (-81)/(-15) + 4/y. Suppose 0*f - 95 = -o*f. Is f prime?
True
Let y = -8 - -4. Let p(m) = 3*m**2 + 3*m - 5. Is p(y) a prime number?
True
Suppose 4*d = 14*d - 17610. Is d prime?
False
Let y(b) = b**2 - 2*b - 1. Let a be y(3). Suppose 0 = -4*q + 3*j + 169, a*q - j - 133 = -q. Is q a prime number?
False
Let l = -92 + 205. Is l a prime number?
True
Let v = -58 - -215. Is v a composite number?
False
Suppose -4*u = -3*u + 416. Let i = 618 + u. Is i prime?
False
Suppose z = 5*x + 2670, -x - 3*x + 5*z - 2157 = 0. Let w = x + 924. Is w prime?
False
Let t be 2 - -1 - (-4)/(-4). Is (-932)/8*t*-1 prime?
True
Let s = 5686 - 3701. Is s a composite number?
True
Let r be 37/(-7) - (-2)/7. Let z = -2 - r. Suppose 5*f - 118 = -p, 0 = 4*f - 4*p + z*p - 89. Is f prime?
True
Let i be (-6)/27 - (-10)/45. Suppose 6*a - 4*a - 254 = i. Is a a composite number?
False
Let x = -1 - -2. Is 2 + (x*-2 - -13) a composite number?
False
Let f = -5 + 5. Suppose 2*h - 342 - 68 = -2*l, 3*l - 4*h - 587 = f. Is l a composite number?
True
Let x(d) = -76*d**2 - 7*d + 7. Let s(g) = -77*g**2 - 8*g + 8. Let q(j) = 3*s(j) - 4*x(j). Let h be q(3). Suppose 0*b = 5*b - h. Is b prime?
False
Suppose -4*r = -3*r. Suppose r*o - 163 = -o. Is o prime?
True
Let p = -260 + 167. Is (0 - -3)/((-3)/p) prime?
False
Is 79/4*4 + 0 a prime number?
True
Suppose 5 = 3*f - 7. Suppose 5*r - 2*r - 51 = 0. Suppose 4*l + 4*w = 116, -w + r = f*l - 105. Is l composite?
False
Let q be (-22)/(-2)*(1 + 0). Let c(s) = 2*s**2 + 6*s - 5. Let m be c(-4). Let f = m + q. Is f composite?
True
Suppose -5*y - 25 = 0, 2*m - 5*y + y - 3406 = 0. Is m a composite number?
False
Suppose 0 = z + 3*a - 126, 5*z + 4*a - 455 - 142 = 0. Let u = 216 - z. Suppose 5*k - 66 = u. Is k composite?
True
Suppose 5*v - 5214 = -2*z + z, v - 1045 = 2*z. Is v a composite number?
True
Let h(g) = -g**3 + 6*g**2 + 5*g + 8. Suppose 0 = 5*j - 3*i - 26, 5*j + 2*i = 3*i + 32. Let d be h(j). Is ((-3)/2)/(1/d) a prime number?
False
Suppose -5*c = -t + 110, 3*c + 66 = 9*t - 4*t. Is 6/(-33) + (-1016)/c a prime number?
False
Let y = -2 - 3. Let u(g) = -g - 7. Let i be u(y). Is (0 - i - -57) + -1 composite?
True
Let x = -14 - -13. Is 1*(x - -1098)/1 a prime number?
True
Let d = 990 + -588. Let c = d + -257. Is c composite?
True
Suppose 150 - 506 = -4*n. Is n composite?
False
Suppose -3*b + 8*b - 400 = 0. Let k = b + -47. Is k a composite number?
True
Suppose 0 = 5*b - 6 - 9. Suppose -2*y = -b*y + 5. Suppose -o + 235 = y*g, -4*g + 2*o + 179 = o. Is g a prime number?
False
Suppose x = -x + 8. Let p(b) = 2*b + 1. Is p(x) prime?
False
Let k be (14 + -7)*4/14. Suppose -5*m + k*f + 40 = -0*f, f = -m + 1. Suppose -s + m*s = 110. Is s prime?
False
Suppose -135 - 113 = -3*c + 5*p, 0 = -5*c + 3*p + 408. Suppose 3*u - 3*z = -c, 5*z + 51 = -5*u - 44. Let n = u + 58. Is n prime?
False
Suppose 0 = l - 4*l + 3246. Is l composite?
True
Let n(q) = 69*q + 5. Is n(6) a composite number?
False
Let c be 0/(-4) + (2 - -1). Suppose -z + 5*r = -3*z + 85, -c*r = -3*z + 180. Is z composite?
True
Let y(l) = -16*l - 39. Is y(-8) a composite number?
False
Suppose -4*s - 4*n + 5096 = 0, 4*n + n - 3828 = -3*s. Is s a prime number?
False
Suppose v - 243 = -5*h, 2*h = -5*v + 4*h + 1269. Is v composite?
True
Let m(w) = -221*w + 4. Is m(-2) a composite number?
True
Suppose 6*x = 142 + 6296. Is x composite?
True
Let c(u) = -u**3 - 12*u**2 - 12*u - 17. Is c(-12) composite?
False
Suppose -5*f + 1006 = -2449. Is f composite?
False
Suppose 2*h + 25 - 189 = 0. Let d = h - 43. Is d a prime number?
False
Let x be (-2)/(-3) + 161/(-3). Let u = x + 79. Let l = 11 + u. Is l composite?
False
Let t(w) be the second derivative of 61*w**4/12 + w**3/3 - w**2/2 + 10*w. Is t(-4) a composite number?
False
Suppose y - 1130 = -4*y. Suppose -2*t + y = -0*t. Is t a composite number?
False
Suppose -j = j - 806. Is j a prime number?
False
Let g(b) = 6*b + 1. Let k = -5 - -16. Is g(k) a prime number?
True
Suppose -23*h - 422 = -25*h. Is h prime?
True
Let l be 0 + (2 - 1) + -1. Suppose 2*u + 6 = l, 5*u = 3*g - 0*u - 24. Suppose -316 = -g*k - k. Is k prime?
True
Let c(b) = 14*b**2 + 10*b - 5. Is c(4) a prime number?
False
Let b be (-5)/((-15)/9) + 0. Suppose -b*o + 10 = -53. Suppose 3*j = 4*j - o. Is j prime?
False
Suppose 3*g - 14 = -o, -2*o - 10 = -3*o - 2*g. Suppose 0 = -5*b - 5*z + 2*z + 583, 5*b + o*z - 587 = 0. Is b prime?
False
Let z(s) = -4*s**3 + 8*s**2 + 13*s + 12. Let o(v) = 9*v**3 - 17*v**2 - 27*v - 25. Let i(a) = -3*o(a) - 7*z(a). Is i(8) prime?
True
Let f(w) = 11*w**2 + 0*w + 2 + 0 - 4*w. Let k be f(3). Let a = k - 10. Is a a composite number?
False
Is (18 - 21) + 0 + 137 a prime number?
False
Suppose -4*y = -0*y - 488. Suppose -3*u = 4*l + l + y, -2*l = -u + 40. Let w = 77 + l. Is w prime?
False
Let y(h) be the second derivative of h**5/5 - h**4/12 - h**3/3 - h**2/2 - h. Let p be y(-1). Is 72/5 - p/(-10) prime?
False
Let f = 11 - 8. Suppose -3*x = -f*w - 57, -w = -x - 6*w + 19. Is x composite?
False
Let u = -2300 + 3971. Is u prime?
False
Suppose -v - 3*u + 1 = -5*u, -1 = -u. Suppose -5*k + 3*k - v*d + 7 = 0, 5*k + 5*d - 15 = 0. Suppose h = -3*h - 2*t + 52, -k*t = -h + 13. Is h composite?
False
Is 5708/10 + ((-16)/(-20))/4 composite?
False
Let a = 475 - 254. Let u = 64 + a. Suppose -5*m + u = -0*m. Is m a prime number?
False
Is (-9532)/(-10) - (-13)/(-65) a composite number?
False
Let x = 1482 - 661. Is x a composite number?
False
Suppose 8 = 4*y, 3*x - 5*x = -4*y - 158. Is x prime?
True
Let v(m) = m**3 - 6*m**2 - 5*m - 10. Let l be v(7). Suppose 0 = -0*y + y + k - 98, 0 = -3*y - l*k + 295. Is y prime?
True
Suppose 0 = -u + 520 + 100. Let t = u - 351. Is t composite?
False
Let z(h) = h**2 - h + 1. Let u be z(3). Let a = u - 3. Suppose 0*g - 12 = -a*g. Is g a composite number?
False
Let s = 234 - -867. Is s a composite number?
True
Suppose -2*g - 3*g + 705 = 0. Suppose -s + 4*s = g. Is s composite?
False
Let r(x) = x**2 - 7*x + 9. Let a be r(7). Is 255*(3 - 24/a) a composite number?
True
Suppose -a = -3*a - 2. Is ((-3)/(-9))/(a/(-669)) a prime number?
True
Let h(r) = -2*r - 6. Let z